z*f**2 + 89 - 94 + f - 3*f**2. Calculate r(w).
-5
Let p = 22 + -26. Let s(n) = n**3 + 4*n**2 - 2*n - 4. Let r be s(p). Let o(h) = r*h**2 + 0 - 7*h**2 - 1 - 1 - 4*h. What is o(-3)?
-17
Let j(b) = -113*b - 7 + 232*b - 120*b - 8. Suppose -3*i + 27 = -6*i. Give j(i).
-6
Let t(j) = -3*j**2 + 3*j + 2. Suppose -14*v + 23 + 5 = 0. Suppose i = g + v*i + 1, -3*g = 5*i + 3. Calculate t(g).
-4
Let t(a) = -14*a**3 - 5*a**2 - 7*a + 1. Let i(g) = -17*g**3 - 6*g**2 - 8*g + 1. Let b(v) = 5*i(v) - 6*t(v). Give b(-2).
3
Let v(d) = -2*d + d**2 + 12*d**2 - 19*d**2 - 1. Suppose -26 - 22 = -4*n - 5*p, 4*n + p - 32 = 0. Suppose 6 = -n*a - 1. Determine v(a).
-5
Let i(h) = h**2 + 2*h + 25. Let l(g) = -2*g**2 - 3*g - 28. Let a(x) = 5*i(x) + 3*l(x). Calculate a(7).
-1
Suppose 3*f = 2*t + 9, 12 = -5*t - 2*f - 39. Let m(d) = d**2 + 6*d. Calculate m(t).
27
Let q be (-10)/20 + (-10)/4. Let b(u) = 2*u**2 - u + 3. Let l(o) = 5*o**2 - o + 8. Let a(r) = q*l(r) + 7*b(r). Determine a(-7).
-24
Let p(c) = -c - 22. Let y(d) = -18*d**2 - 8*d + 8. Let i be y(-6). Let r = i - -575. Calculate p(r).
-5
Let k(a) be the third derivative of -a**4/8 + 43*a**3/6 + 7899*a**2. Give k(8).
19
Let g(z) be the first derivative of -z**3/3 + 3*z**2 - 3*z - 45. Let d = 46 + -21. Let n = d + -20. Give g(n).
2
Suppose -5*a - 3*r + 70 = 2*r, 3*r = 0. Let m(i) = 0*i**2 + 13*i + 3*i**2 + 6*i**2 + 11 - 4*i**2 - 6*i**2. Determine m(a).
-3
Suppose 0 = -3*b - b + 48. Let k be 54/(-126) + 0 + (-94)/(-7). Let t(w) = 226*w**2 + 11*w - 468*w**2 + 229*w**2 + w**3 + k. Determine t(b).
1
Let w(q) = -q**3 - 19*q**2 - q - 9. Let p = -7117 - -7098. Calculate w(p).
10
Let r(o) = o**2 - 17*o + 24. Let y = 83 + -70. What is r(y)?
-28
Suppose -5*m + 3*a + 30 = 0, 5*m - 36 = 5*a + 4. Let p(q) = -4*q - m*q + 3*q + 2 - 4*q**2 + 3*q. Give p(-2).
-12
Let p(a) be the first derivative of a**4 - a**3/6 - 17*a**2 - 130. Let o(m) be the second derivative of p(m). Determine o(-1).
-25
Let l(t) = 8*t + 51. Let g(h) = -6*h**2 + 308*h + 199. Let i be g(52). Give l(i).
-21
Let y(k) = -5*k**2 - 4*k - 4. Let g(r) = -4*r**2 - 2*r - 3. Let p(l) = -3*g(l) + 2*y(l). Suppose -2*b = 9*b - 22. Give p(b).
5
Let z(o) = 286*o + 11 - 593*o + 306*o. Calculate z(10).
1
Let x(c) = 6*c + 42. Suppose -12*m = 7*m + 171. Calculate x(m).
-12
Let y = 19 - -13. Let c(h) = -2 + h + y - 38. Determine c(3).
-5
Let p(v) = -11*v**2 - 28*v**2 - 27*v**2 + 107*v**2 - 13 - 9*v - 35*v**2 + v**3. Let y be (2/3)/((-16)/168). Give p(y).
1
Let h(q) = -9*q**3 - 2*q**2 + 5*q + 8. Let v be (16/(-6))/(-7 + 95/15). Let g(w) = 7*w**3 + 3*w**2 - 5*w - 6. Let p(j) = v*g(j) + 3*h(j). What is p(-7)?
-14
Let j(u) = -45*u + 136. Let r be (-50 + 27 - -22) + -1 + 5. Give j(r).
1
Let a = -181 - -364. Suppose -15*x - 48 = -a. Let s(f) = -4*f + 10. What is s(x)?
-26
Let j(d) be the first derivative of 11*d**2/2 + 35*d - 1390. What is j(-3)?
2
Let a = -3723 + 3723. Let d(w) be the third derivative of 1/3*w**3 + 17*w**2 + 0*w + a - 1/6*w**4. What is d(-6)?
26
Suppose 3*r + 1 = 2*h, r - 16 = 2*h + h. Let k(u) be the first derivative of u**4/4 + 8*u**3/3 + 3*u**2 - 10*u - 73. What is k(h)?
-3
Let r(w) = 10*w + 34 + 4 + 15. Let d be r(-5). Let k(v) = -4*v**3 + 6 + 2*v**3 - 3*v + 18*v**2 + v**d - 25*v**2. Determine k(-6).
-12
Let l(h) = -9*h**3 + 6*h**2 - 18*h - 3. Let a(s) = -20*s**3 + 12*s**2 - 39*s - 5. Let c(v) = -4*a(v) + 9*l(v). What is c(4)?
1
Suppose 115*k - 29*k + 33 = -53. Let w(b) = 40*b**3 - b**2 + 1. Determine w(k).
-40
Let a = -74 + 66. Let n(d) be the third derivative of d**6/120 + 3*d**5/20 + d**4/3 + 7*d**3/6 - 3*d**2. What is n(a)?
7
Let h(y) = 64 - 2*y - 10*y**2 - 66 + 35*y**2 - 24*y**2. Calculate h(-5).
33
Let f(y) = -8*y. Let s(x) = -x. Let t be ((-18 - -31) + -8)*2/10. Let j(v) = t*f(v) - 6*s(v). Determine j(0).
0
Let k(y) be the first derivative of y**3/3 - 21*y**2 + 86*y + 1982. What is k(40)?
6
Let n(a) = -2*a**3 - 32*a**2 + 19*a - 258. Let w be n(-17). Let d(f) = -3*f - 17. Give d(w).
-8
Suppose 0 = -4*p + 57 - 41. Let t(v) be the first derivative of v**4/4 - v**3 - 7*v**2/2 + 6*v + 722. Determine t(p).
-6
Let k(a) = -5*a + 39. Let x(l) = 9*l - 78. Let o(w) = 7*k(w) + 4*x(w). Let t be o(36). Let r(q) = -2 + 4 - 5*q - q**2 - 1. What is r(t)?
7
Let f(l) = l**2 + 6*l - 2. Suppose -111*u + 6417 = -42*u. Let a(t) = -t**3 + 6*t - 5. Let p be a(5). Let q = u + p. Give f(q).
5
Let r(i) = 111*i**2 + 3*i + 3. Let n be r(-1). Let h = n + -115. Let p(m) = 2*m**2 + 5*m + 5. What is p(h)?
17
Let a(d) be the second derivative of -57*d - 2*d**2 + 1/6*d**3 + 0. Determine a(3).
-1
Let b(i) = i**3 - 18*i**2 + 31*i + 26. Let k be 0 + (-1 - 2) - -19. Let n be b(k). Let o(a) = -a + 1. What is o(n)?
-9
Let p(z) be the second derivative of -z**5/60 - 5*z**4/24 + 2*z**3/3 + 88*z**2 + 3*z + 9. Let h(g) be the first derivative of p(g). What is h(-5)?
4
Suppose 0 = -5*j - 182 - 133. Let g = j - -56. Let f(u) = u**3 + 7*u**2 - u - 5. Let h be f(g). Let i(p) = 2*p - 1. Determine i(h).
3
Let i = -297 - -171. Let p be (-996)/i + (-8)/(-84). Let v(g) = 3*g + 6. Determine v(p).
30
Let s = 10 + -6. Let v(j) be the third derivative of 0 - 1/2*j**3 + 38*j**2 + 0*j + 1/12*j**4. Give v(s).
5
Let h(n) be the first derivative of n**4/4 + 2*n**3 - n**2/2 - 5*n - 4. Suppose -5*f - 3*s - 15 = 0, -544*f + 9 = -548*f - 3*s. What is h(f)?
1
Suppose 2*p = 10 - 4. Suppose -5*z + 5*g = -45, p*z = 6*z - 5*g - 23. Suppose -7*b - 4 = -z*b. Let q(w) = -23*w**3 - w**2 + w - 1. Calculate q(b).
-24
Let j(z) be the first derivative of z**6/360 + 7*z**5/60 + 11*z**4/12 - 45*z**3 + 257. Let l(n) be the third derivative of j(n). Calculate l(-12).
-2
Let l(g) be the second derivative of -g**3/6 + 2*g**2 - 2*g. Suppose -7*a + 5*a = 3*h + 410, -2*a + 678 = -5*h. Let u be -1 - -9*(h/(-36) + -4). Determine l(u).
7
Suppose 31 - 1 = -10*z. Let u(r) = -2*r**3 - r**2 - r - 1. Let d(j) = -5*j**3 - j**2 - 6*j - 1. Let p(v) = z*u(v) + d(v). Calculate p(2).
12
Let a(x) = -4*x**2 - 7*x + 5. Suppose l + l = -4, 4*l - 130 = 2*s. Let n = s - -72. Let u(r) = -5*r**2 - 8*r + 6. Let z(m) = n*u(m) - 4*a(m). Determine z(-5).
3
Let p = -42 + 38. Let z be p*((-45)/(-12))/(-5). Let g(n) = 2*n**2 - 9 + 21 - 7 + 3*n**z - 6. Give g(-2).
-17
Let u(z) = -3*z**2 + 22*z + 121. Let m(n) = 7*n**2 - 43*n - 232. Let h(o) = -2*m(o) - 5*u(o). Calculate h(29).
4
Let m(j) = 7*j**2 - 42*j - 13. Let v(r) = -8*r**2 + 47*r + 12. Let x(u) = -5*m(u) - 4*v(u). What is x(8)?
1
Suppose 4*l = 0, 2*t - 3*l = 2*l + 14. Let n(i) = -2*i**2 + 0*i**2 + 10*i - 2 - i**2 - 5 + 2*i**2. What is n(t)?
14
Let p(s) = s**2 + 14*s + 64. Let w be p(-4). Suppose w*x = -36 - 36. Let f(i) = 0*i - i + 5*i + 4. Calculate f(x).
-8
Let w(y) be the first derivative of y**4/4 - 10*y**3/3 - 4*y**2 - 39*y + 365. Give w(11).
-6
Let z(m) = 6*m + 5. Let l(b) = 14*b + 10. Let t(n) = -4*l(n) + 9*z(n). What is t(-4)?
13
Suppose -2*t - 2 = 0, 328 - 371 = 3*d + t. Let m(s) = 37*s + 522. Give m(d).
4
Suppose 0 = -0*p + 23*p - 46. Let v(z) = -80*z**p - 2 + 5*z + 0*z + 77*z**2 - z. Determine v(1).
-1
Suppose 2 + 37 = 13*r. Let f(w) = w**3 - 1 - 2*w**3 + 4*w**3 + 3 + 6*w**2 + w - 4*w**r. What is f(6)?
8
Let i(j) = -j**2 + 9*j + 169. Let h be i(-9). Let n(d) = -2*d**3 + 12*d**2 + 17*d - 18. Calculate n(h).
3
Let z(n) be the first derivative of n**4/4 + 22*n**3/3 - 24*n**2 - 10*n + 1507. What is z(-24)?
-10
Let x(l) = -3*l**3 - 80*l**2 + 19*l - 207. Let s be x(-27). Let y(c) = -c**3 + 8*c**2 + 5*c - 19. Determine y(s).
-55
Let h(o) be the first derivative of -4 + 2*o**3 - 3/2*o**2 - 10*o. Let c(r) be the first derivative of h(r). Give c(2).
21
Let l(z) be the second derivative of 5*z**3/6 - 28*z**2 - 2113*z. Give l(8).
-16
Let r(i) = -i**3 - 20*i**2 + 18*i - 1. Let y = 5135 - 5156. Give r(y).
62
Let s(h) be the second derivative of -h + 89 - 3*h**2 + 7/6*h**3 - 1/20*h**5 + 1/3*h**4. Give s(6).
-36
Let m(v) = -v + 19. Let j be m(-24). Let f be (-48)/(-120) + j/5. Let u(g) = -2*g - g + 1 + 2*g. Give u(f).
-8
Suppose 2*c - 14 = -6*v + v, -3*c - 3*v = -12. Let p(f) = 2*f**2 - 3*f - 5. Let l(m) = m**2 - 3*m - 5. Let i(o) = c*p(o) - 3*l(o). Determine i(-2).
3
Let u(q) = 46*q + 77. Let n(z) = -22*z - 31. Let g(b) = -5*n(b) - 2*u(b). Suppose -1 - 4 = 5*k. Give g(k).
-17
Let t(i) = 129*i**2 - i + 2 + 9*i - 125*i**2 - i**3 - 4*